{"id":1513,"date":"2024-06-30T03:03:57","date_gmt":"2024-06-30T01:03:57","guid":{"rendered":"https:\/\/tiersine.com\/?post_type=product&#038;p=1513"},"modified":"2024-07-25T19:32:03","modified_gmt":"2024-07-25T17:32:03","slug":"astrology-solar-return","status":"publish","type":"product","link":"https:\/\/tiersine.com\/?product=astrology-solar-return","title":{"rendered":"Astrology &#8211; solar return \/ astrologie &#8211; r\u00e9volution solaire"},"content":{"rendered":"<p>A solar return refers to the moment when the Sun returns to the exact position it occupied at the time of your birth. This event occurs once a year, around your birthday, and is used to cast a Solar Return chart, which offers insights into the themes and potential experiences for the coming year.<br \/>\nAfter payment, you will be sent a calendar to make an appointment with me, and I will also ask you for your birth details.<\/p>\n<p>La r\u00e9volution solaire de l&#8217;ann\u00e9e d\u00e9bute au moment o\u00f9 le soleil retourne \u00e0 sa position exacte du moment de votre naissance, ceci a lieu chaque ann\u00e9e autour de votre anniversaire.<br \/>\nCe th\u00e8me vous apporte de multiples indications concernant les \u00e9nergies de l&#8217;ann\u00e9e \u00e0 venir, englobant des exp\u00e9riences potentielles dans de multiples domaines.<br \/>\n<span style=\"font-size: 16px;\">Apr\u00e8s le paiement, vous recevrez un calendrier pour prendre rendez-vous, et je vous demanderai \u00e9galement vos coordonn\u00e9es de naissance.\u00a0<\/span><\/p>\n","protected":false},"excerpt":{"rendered":"<p>A solar return refers to the moment when the Sun returns to the exact position it occupied at the time of your birth. This event occurs once a year, around your birthday, and is used to cast a Solar Return chart, which offers insights into the themes and potential experiences for the coming year.<br \/>\nAfter payment, you will be sent a calendar to make an appointment with me, and I will also ask you for your birth details.<\/p>\n<p>La r\u00e9volution solaire de l&#8217;ann\u00e9e d\u00e9bute au moment o\u00f9 le soleil retourne \u00e0 sa position exacte du moment de votre naissance, ceci a lieu chaque ann\u00e9e autour de votre anniversaire.<br \/>\nCe th\u00e8me vous apporte de multiples indications concernant les \u00e9nergies de l&#8217;ann\u00e9e \u00e0 venir, englobant des exp\u00e9riences potentielles dans de multiples domaines.<br \/>\n<span style=\"font-size: 16px;\">Apr\u00e8s le paiement, vous recevrez un calendrier pour prendre rendez-vous, et je vous demanderai \u00e9galement vos coordonn\u00e9es de naissance.\u00a0<\/span><\/p>\n","protected":false},"featured_media":1533,"template":"","meta":{"_uag_custom_page_level_css":"","_monsterinsights_skip_tracking":false,"_monsterinsights_sitenote_active":false,"_monsterinsights_sitenote_note":"","_monsterinsights_sitenote_category":0,"_uf_show_specific_survey":0,"_uf_disable_surveys":false,"site-sidebar-layout":"default","site-content-layout":"","ast-site-content-layout":"default","site-content-style":"default","site-sidebar-style":"default","ast-global-header-display":"","ast-banner-title-visibility":"","ast-main-header-display":"","ast-hfb-above-header-display":"","ast-hfb-below-header-display":"","ast-hfb-mobile-header-display":"","site-post-title":"","ast-breadcrumbs-content":"","ast-featured-img":"","footer-sml-layout":"","theme-transparent-header-meta":"default","adv-header-id-meta":"","stick-header-meta":"","header-above-stick-meta":"","header-main-stick-meta":"","header-below-stick-meta":"","astra-migrate-meta-layouts":"set","ast-page-background-enabled":"default","ast-page-background-meta":{"desktop":{"background-color":"var(--ast-global-color-4)","background-image":"","background-repeat":"repeat","background-position":"center center","background-size":"auto","background-attachment":"scroll","background-type":"","background-media":"","overlay-type":"","overlay-color":"","overlay-opacity":"","overlay-gradient":""},"tablet":{"background-color":"","background-image":"","background-repeat":"repeat","background-position":"center center","background-size":"auto","background-attachment":"scroll","background-type":"","background-media":"","overlay-type":"","overlay-color":"","overlay-opacity":"","overlay-gradient":""},"mobile":{"background-color":"","background-image":"","background-repeat":"repeat","background-position":"center center","background-size":"auto","background-attachment":"scroll","background-type":"","background-media":"","overlay-type":"","overlay-color":"","overlay-opacity":"","overlay-gradient":""}},"ast-content-background-meta":{"desktop":{"background-color":"var(--ast-global-color-5)","background-image":"","background-repeat":"repeat","background-position":"center center","background-size":"auto","background-attachment":"scroll","background-type":"","background-media":"","overlay-type":"","overlay-color":"","overlay-opacity":"","overlay-gradient":""},"tablet":{"background-color":"var(--ast-global-color-5)","background-image":"","background-repeat":"repeat","background-position":"center center","background-size":"auto","background-attachment":"scroll","background-type":"","background-media":"","overlay-type":"","overlay-color":"","overlay-opacity":"","overlay-gradient":""},"mobile":{"background-color":"var(--ast-global-color-5)","background-image":"","background-repeat":"repeat","background-position":"center center","background-size":"auto","background-attachment":"scroll","background-type":"","background-media":"","overlay-type":"","overlay-color":"","overlay-opacity":"","overlay-gradient":""}}},"product_brand":[],"product_cat":[15],"product_tag":[],"class_list":{"0":"post-1513","1":"product","2":"type-product","3":"status-publish","4":"has-post-thumbnail","6":"product_cat-non-classe","7":"desktop-align-left","8":"tablet-align-left","9":"mobile-align-left","11":"first","12":"instock","13":"virtual","14":"purchasable","15":"product-type-simple"},"aioseo_notices":[],"uagb_featured_image_src":{"full":["https:\/\/tiersine.com\/wp-content\/uploads\/2024\/06\/moon-sun-total-6881859.jpg",960,1280,false],"thumbnail":["https:\/\/tiersine.com\/wp-content\/uploads\/2024\/06\/moon-sun-total-6881859-150x150.jpg",150,150,true],"medium":["https:\/\/tiersine.com\/wp-content\/uploads\/2024\/06\/moon-sun-total-6881859-225x300.jpg",225,300,true],"medium_large":["https:\/\/tiersine.com\/wp-content\/uploads\/2024\/06\/moon-sun-total-6881859-768x1024.jpg",768,1024,true],"large":["https:\/\/tiersine.com\/wp-content\/uploads\/2024\/06\/moon-sun-total-6881859-768x1024.jpg",768,1024,true],"1536x1536":["https:\/\/tiersine.com\/wp-content\/uploads\/2024\/06\/moon-sun-total-6881859.jpg",960,1280,false],"2048x2048":["https:\/\/tiersine.com\/wp-content\/uploads\/2024\/06\/moon-sun-total-6881859.jpg",960,1280,false],"woocommerce_thumbnail":["https:\/\/tiersine.com\/wp-content\/uploads\/2024\/06\/moon-sun-total-6881859-300x300.jpg",300,300,true],"woocommerce_single":["https:\/\/tiersine.com\/wp-content\/uploads\/2024\/06\/moon-sun-total-6881859-600x800.jpg",600,800,true],"woocommerce_gallery_thumbnail":["https:\/\/tiersine.com\/wp-content\/uploads\/2024\/06\/moon-sun-total-6881859-100x100.jpg",100,100,true]},"uagb_author_info":{"display_name":"Yogini","author_link":"https:\/\/tiersine.com\/?author=0"},"uagb_comment_info":0,"uagb_excerpt":"A solar return refers to the moment when the Sun returns to the exact position it occupied at the time of your birth. This event occurs once a year, around your birthday, and is used to cast a Solar Return chart, which offers insights into the themes and potential experiences for the coming year. After&hellip;","_links":{"self":[{"href":"https:\/\/tiersine.com\/index.php?rest_route=\/wp\/v2\/product\/1513","targetHints":{"allow":["GET"]}}],"collection":[{"href":"https:\/\/tiersine.com\/index.php?rest_route=\/wp\/v2\/product"}],"about":[{"href":"https:\/\/tiersine.com\/index.php?rest_route=\/wp\/v2\/types\/product"}],"wp:featuredmedia":[{"embeddable":true,"href":"https:\/\/tiersine.com\/index.php?rest_route=\/wp\/v2\/media\/1533"}],"wp:attachment":[{"href":"https:\/\/tiersine.com\/index.php?rest_route=%2Fwp%2Fv2%2Fmedia&parent=1513"}],"wp:term":[{"taxonomy":"product_brand","embeddable":true,"href":"https:\/\/tiersine.com\/index.php?rest_route=%2Fwp%2Fv2%2Fproduct_brand&post=1513"},{"taxonomy":"product_cat","embeddable":true,"href":"https:\/\/tiersine.com\/index.php?rest_route=%2Fwp%2Fv2%2Fproduct_cat&post=1513"},{"taxonomy":"product_tag","embeddable":true,"href":"https:\/\/tiersine.com\/index.php?rest_route=%2Fwp%2Fv2%2Fproduct_tag&post=1513"}],"curies":[{"name":"wp","href":"https:\/\/api.w.org\/{rel}","templated":true}]}}